 = -n. What is the units digit of r?
1
Let y be 15/(-6)*12/(-10). Let w(m) = y*m + 2 + 6 - 2*m. What is the units digit of w(0)?
8
Suppose -2*h - 4*s = -2, 2*h - 5 = -s + 3. Let b(a) = -a**3. Let z(w) = -5*w**3 - 6*w**2 + 3*w - 7. Let o(r) = 6*b(r) - z(r). What is the tens digit of o(h)?
1
Suppose -4*q = -4*g + 44, -5*g + q - 6*q = -105. Let o(r) = -r**3 + 8*r**2 - 7*r - 7. Let i be o(7). Let x = i + g. What is the units digit of x?
9
Let l = 64 - 35. What is the units digit of l?
9
Let l = -9 - -14. Suppose l*v - 30 = 5. What is the units digit of v?
7
Suppose 116 - 2 = 3*u. What is the tens digit of u?
3
Suppose -5*k + 26 = 6. Suppose -s + 0*s - k = 0, -20 = -3*j - s. What is the units digit of j?
8
Let w = 332 - 83. What is the hundreds digit of w?
2
Let z(q) = q - 7*q**2 + 0*q**3 + 8*q + q**3 - 2*q + 1. What is the units digit of z(6)?
7
Let p be -2 - (-2 + 2) - -1. What is the units digit of (-9)/(-2) + p/2?
4
What is the tens digit of 68/3 - (-10)/30?
2
Suppose j - 4*j = 240. Let c = j + 131. What is the tens digit of c?
5
Let m = 9 - 9. Let c be 1*2 + 1/1. Let j = c + m. What is the units digit of j?
3
Let m(o) = -o**3 + 2*o**2 + 4*o + 1. Let c be m(3). Suppose 0 = c*b - 32 - 52. What is the tens digit of b?
2
What is the units digit of (14/49 - (-46)/(-14)) + 19?
6
Let b(w) = -w**3 - 3*w - 2. Suppose 3*r + 18 = -4*a + r, 0 = 5*a - 2*r. What is the tens digit of b(a)?
1
Let k(s) = -s - 3 + 2*s - 9*s**2 + s**3 + 10. What is the units digit of k(9)?
6
What is the units digit of 2 - ((-4)/(-4))/1?
1
What is the units digit of (12/30)/((-1)/(-205))?
2
Let w = 27 - 7. What is the units digit of w?
0
Let d(y) be the first derivative of y**3/3 - 5*y**2 + 8*y - 9. What is the units digit of d(10)?
8
Let c(w) = -14*w + 2. Let z(x) = x. Let f(y) = c(y) + 6*z(y). What is the units digit of f(-4)?
4
Suppose 0 = -2*p - 8, -2*a + 3*p + 16 = -236. Suppose 3*z + 2*z = a. What is the units digit of z?
4
Let a(p) = -23*p + 9. What is the tens digit of a(-6)?
4
Suppose -4*l - 50 = l - 3*w, 2*w - 38 = 4*l. Let u(b) = -b + 3. Let h be u(l). Let p = -5 + h. What is the units digit of p?
5
Let j = 24 + -20. What is the units digit of j?
4
Let r(y) be the third derivative of -1/2*y**3 + 0 + 4*y**2 - 1/24*y**4 + 0*y. What is the units digit of r(-4)?
1
Let s(j) = -2*j**3 - 2*j**2 - 1. Let o be s(-2). Suppose o = g + 2. What is the units digit of g?
5
Let s(i) = 10*i**3 - i**2 - 2*i + 3. Let x be s(2). Let p = x - 54. What is the tens digit of p?
2
Suppose -2*o = 2*o + 24. Let q = 9 + o. Suppose 0*i = q*i - 6. What is the units digit of i?
2
Let c(x) be the second derivative of x**5/20 - x**4/6 - x**3/6 - x**2/2 + x. What is the units digit of c(3)?
5
Let n be (-8)/32 + (-13)/(-4). Suppose 4*z - 5 = -y - z, z = n*y + 49. What is the units digit of 4*(-1)/(6/y)?
0
Let q(c) = c**2 + 8*c - 9. Let u be q(-10). Suppose -r = -v + u, 3*v - r = -0 + 27. What is the units digit of v?
8
Let j = -26 + 49. Suppose j = -4*n + 5*n. What is the tens digit of n?
2
Suppose -31 - 21 = -4*o. What is the tens digit of o?
1
Suppose -63 = k - q - 205, 3*k = -4*q + 398. What is the units digit of (3/(-9))/((-2)/k)?
3
Let i(v) = -6*v**3 - 3*v**2 - v + 1. Let w be i(-2). Suppose 4*h - 4 = -12, 5*f - 2*h - w = 0. What is the units digit of 18/14 + (-2)/f?
1
Let s = 6 + -1. What is the units digit of s?
5
Let n = 38 + -29. What is the units digit of n?
9
Let c = -26 - -28. Suppose 154 = c*p + 44. What is the tens digit of p?
5
Let d(m) = -m**2 - 5*m + 2. Let k be d(-5). Let j be (10 - 8)*1*7. Let a = j - k. What is the units digit of a?
2
Suppose 5*t + 5*p - 15 = 0, -4*t - 2*p = -8 - 4. Suppose -t*y + 10 = -y + 4*u, -2*y + 5*u = -1. Let v = y + -2. What is the units digit of v?
1
Let n(u) be the third derivative of u**4/24 + u**3/3 + 3*u**2. What is the units digit of n(3)?
5
Suppose -16 = -2*n - 2*n. What is the units digit of n?
4
Let j = 0 + 3. Let s be (-4)/(-14) - (-14)/(-49). Suppose 0 = -s*l - j*l + 12. What is the units digit of l?
4
Suppose 3*c - 92 = -2*l, -2 = -3*l + 5*c + 117. Let y = l - 27. What is the tens digit of y?
1
Suppose -4*n - d - 3 + 29 = 0, -n = 3*d - 12. What is the units digit of n?
6
Suppose 0 = -3*x + 2*y - y + 44, 0 = y - 4. Suppose -4*n = -4*g - 8, 7*g - 2*n = 2*g - x. What is the units digit of 240/42 + g/(-14)?
6
What is the hundreds digit of 163 - ((-100)/(-55) - (-2)/11)?
1
Suppose -6*w + 35 = -w. Suppose 240 = 3*m + 3*q, -m + w*q = 4*q - 60. Suppose -3*k = 2*k - 3*b - m, 2*k - b = 29. What is the tens digit of k?
1
What is the units digit of (-2)/(10/915*9/(-12))?
4
Let y = 6 - -3. What is the units digit of (-15)/y*(3 + -6)?
5
Suppose -2*u + b = -99, -86 - 15 = -2*u - b. What is the units digit of u?
0
Let l = 13 + -25. Let r = -11 - l. What is the units digit of r?
1
What is the units digit of (-99)/(-12) + 9/12?
9
Let x(a) = a**3 + 11*a**2 + 6*a - 1. What is the hundreds digit of x(-9)?
1
Let g(h) = 2*h - 9. Let o be g(7). Let w = o + -2. Suppose -k = -w*k + 8. What is the units digit of k?
4
Let o(v) = 3*v - 3. Let y(d) = 2*d - 2. Let q(t) = -5*o(t) + 8*y(t). What is the units digit of q(2)?
1
Suppose 0 = -2*s + 4*s. Let m be (9 + s)/3 - -1. Suppose -m*a = a - 45. What is the units digit of a?
9
What is the tens digit of ((3 - 36)/(-3))/(1/3)?
3
Let u = 0 - -10. Let p(n) = n**2 - 7*n - 1. What is the units digit of p(u)?
9
Suppose 2*y - 20 = 4. Suppose -t = 3 - y. What is the units digit of t?
9
Suppose 2 - 642 = -4*i. What is the hundreds digit of i?
1
Let l(s) be the first derivative of s**4/4 + 5*s**3/3 - 9*s**2/2 - 9*s - 3. What is the units digit of l(-6)?
9
Let g = 40 - -9. What is the units digit of g?
9
Suppose 2*p = -w + 27, 0 = -w + 3*w + p - 45. What is the tens digit of w?
2
Suppose 95 = 2*y + 29. Let m = -18 + y. What is the tens digit of m?
1
Let h(z) = 36*z - 3. What is the tens digit of h(1)?
3
What is the units digit of 28776/77 - 4/(-14)?
4
Let p = -340 - -751. What is the hundreds digit of p?
4
Let d = 1018 - 712. What is the tens digit of d?
0
Let o be 2/(-7) + (-170)/(-7). Suppose -2*i = 2*x + o, 4*x - i + 23 = -5. What is the units digit of (18/x)/((-3)/8)?
6
Suppose -3*v = 2*z - 22, -4*z = 3*v - 6*v - 8. Suppose 2*g = -0*g + 12. Suppose -v*x = -4*s - 12, 2*x + 4*s - 42 = -g. What is the units digit of x?
8
Suppose -4*g + 66 = -2*s, -17 - 61 = -5*g + s. What is the units digit of g?
5
Suppose 4*l = 3*l - 2. Let d be (l/(-5))/(10/25). What is the units digit of (2/6)/(d/3)?
1
Let p = -13 + 3. Let q(h) = h**3 - h - 18. Let j be q(0). What is the units digit of 5*(0 + j/p)?
9
Let w = 15 - 12. Suppose -c + w*c + 3*i - 72 = 0, 0 = 5*c - 4*i - 134. What is the units digit of c?
0
Let b(u) be the second derivative of u**3/2 - 7*u**2/2 - u. What is the tens digit of b(9)?
2
Let q(w) = w - 2. Let u be q(7). Let r(i) = i**3 - 5*i**2 + 2*i - 1. What is the units digit of r(u)?
9
Let b be (-5)/((-5)/2) - -3. Suppose -o - 14 = -5*g, 0*g + b*g = 5*o + 30. Let i(x) = -x - 2. What is the units digit of i(o)?
2
Suppose 0 = 2*c - 4. Suppose 49 = c*d + 3*i, 6*d = d - 3*i + 100. What is the units digit of d?
7
Suppose -2*w - 3*j + 23 = 0, 2*w + j - 21 = -0*j. Let a = 4 - w. Let d = a - -17. What is the units digit of d?
1
Suppose -2*m = -11*m + 612. What is the units digit of m?
8
Let v = 179 - 105. Suppose t = -t + v. Suppose -4*i + 3 = -t. What is the units digit of i?
0
Let r be 6/(-3) - (-2 - -3). Let y be 5 - 2 - 48/r. Let j = -9 + y. What is the units digit of j?
0
Let s = 8 + -6. Suppose 0*r + 2*u = 4*r - 118, 3*r - 92 = -s*u. What is the tens digit of r?
3
Let k = 72 + 104. What is the units digit of k?
6
Let o(x) = x**3 - x**2 + 2*x. Let u(q) = -q**2 + 5*q - 3. Let j be u(2). What is the tens digit of o(j)?
2
What is the units digit of 30/(-10) - 1/(2/(-16))?
5
Let q be 1/(3/27*3). Suppose q*c - 36 = -c. What is the units digit of c?
9
Let f = -5 - -10. Let j = f - -7. What is the units digit of j?
2
What is the tens digit of 6/8*8*(7 - 1)?
3
Suppose -4 = 3*m - 10. Suppose -5*i - m*f - 2*f = -66, 0 = -i + 5*f + 19. What is the tens digit of i?
1
Let x(u) = u**3 + 4*u**2 + 1. Suppose 7*m - 11*m = -20. Let f be (-2)/(0 + -2) - m. What is the units digit of x(f)?
1
Let i be -3*(2/(-3))/1. Let m be (1 - 22)/((-11)/11). Suppose i*r + r = 